2666
Convert -1011a3 (base 15) to base 3.
-1102202211000
Convert 10655373 (base 8) to base 14.
444599
Convert -2e715 (base 16) to base 6.
-4024405
Convert 104a1c (base 14) to base 7.
4452535
What is 430111 (base 7) in base 15?
1710d
Convert -2164565 (base 8) to base 4.
-2032211311
623631 (base 11) to base 3
1212211012200
Convert -4d2ea (base 16) to base 3.
-121001122211
What is -1d648 (base 14) in base 13?
-28396
Convert 100111110010110111 (base 2) to base 15.
33469
What is 12352170 (base 8) in base 15?
3923cd
-2211111011021 (base 3) to base 12
-6072a4
What is -2104180 (base 10) in base 16?
-201b74
110213332311 (base 4) to base 8
24477665
Convert 1000242341 (base 6) to base 14.
14ac56d
Convert -69482 (base 11) to base 10.
-100399
What is -226578 (base 9) in base 12?
-668b2
What is -2569a (base 12) in base 15?
-10214
Convert 373513 (base 10) to base 8.
1331411
Convert -70b3d (base 16) to base 2.
-1110000101100111101
Convert 3717336 (base 8) to base 11.
63a146
What is 37538 (base 10) in base 16?
92a2
-12020120200 (base 3) to base 13
-37c95
2676340 (base 9) to base 10
1467756
What is -603706 (base 8) in base 4?
-300133012
What is 186104 (base 9) in base 7?
662116
What is -26925 (base 11) in base 6?
-453412
-117726 (base 10) to base 6
-2305010
Convert 873683 (base 9) to base 8.
1771553
What is -33161040 (base 7) in base 12?
-b58360
What is 2113011100 (base 4) in base 7?
5155114
7b9667 (base 15) to base 6
330314454
Convert 19501a (base 12) to base 14.
b7bca
113133511 (base 6) to base 10
2112019
-2025618 (base 11) to base 4
-31221332130
What is -141550 (base 8) in base 3?
-2112121202
Convert 32c86 (base 16) to base 3.
101120022221
What is 113232222 (base 4) in base 8?
275652
What is -102221210022 (base 3) in base 10?
-235313
2177214 (base 11) to base 2
1110100011101100101010
What is 42587 (base 11) in base 5?
3440201
Convert -1215478 (base 9) to base 15.
-d08e5
Convert -32420401 (base 5) to base 12.
-115898
1000111110110010011 (base 2) to base 4
1013312103
What is 80292 (base 12) in base 2?
101000100110001110
Convert 2603661 (base 10) to base 6.
131445553
What is -1445082 (base 14) in base 15?
-ce8055
-4003032 (base 5) to base 2
-1111010110101100
What is 1741313 (base 8) in base 5?
112233434
What is -110110010011100101010 (base 2) in base 8?
-6623452
Convert -1a100b1 (base 13) to base 10.
-8568444
Convert -286454 (base 9) to base 2.
-101010110011100101
Convert -11100001010011101 (base 2) to base 5.
-12142412
What is fc235 (base 16) in base 11?
645a20
132200 (base 7) to base 16
60da
9c914a (base 13) to base 15
4d28d3
-81673 (base 11) to base 15
-25510
Convert 27408 (base 12) to base 15.
110a2
-1143141100 (base 5) to base 13
-73accc
What is 2121215 (base 9) in base 14?
217d9c
780d72 (base 15) to base 10
5723657
What is 1664444 (base 7) in base 11?
1501aa
What is -221140524 (base 6) in base 9?
-7434037
1e43f (base 16) to base 15
26ae7
Convert -120222311333 (base 4) to base 10.
-6466943
-54b527 (base 15) to base 13
-ab4a65
Convert -12111002022121 (base 3) to base 14.
-55c342
What is -431916 (base 10) in base 6?
-13131340
75a08 (base 12) to base 13
55877
What is 210002011101 (base 3) in base 8?
1452307
What is 1262333 (base 8) in base 9?
587816
-120132550 (base 6) to base 3
-11020101212210
Convert 101200210200120 (base 3) to base 10.
5684514
Convert 120210100 (base 3) to base 5.
332021
-223221133 (base 4) to base 6
-3455411
What is 4633333 (base 8) in base 3?
2100222100001
Convert 8195 (base 11) to base 10.
10873
What is 111134323 (base 5) in base 4?
1313213223
Convert 233045251 (base 7) to base 13.
2c8c3a8
110021011122 (base 3) to base 16
3af10
Convert -15a85a3 (base 11) to base 12.
-aba628
-75816 (base 10) to base 16
-12828
Convert 4dd50 (base 14) to base 10.
191954
What is 3445163 (base 8) in base 2?
11100100101001110011
-200100111101 (base 3) to base 4
-1120030000
What is -120021020221 (base 3) in base 13?
-a6a41
What is -10322210 (base 6) in base 9?
-516226
What is -2656158 (base 9) in base 10?
-1454489
What is 175ee (base 16) in base 14?
26c58
What is b555 (base 13) in base 7?
133061
-111997b (base 12) to base 7
-36546542
Convert -2101145 (base 6) to base 2.
-11000101111111001
Convert 35305023 (base 8) to base 14.
1047347
What is -2421900 (base 11) in base 3?
-21221100102022
-744061 (base 10) to base 5
-142302221
What is 111800 (base 9) in base 13?
2464b
-45c22 (base 14) to base 9
-277778
Convert 85c6f (base 16) to base 14.
103995
What is -291784 (base 11) in base 9?
-764633
Convert -166126 (base 10) to base 11.
-1038a4
What is -11e0cc8 (base 15) in base 4?
-301010003012
-259895 (base 11) to base 3
-202202011101
-339a5b (base 13) to base 4
-10222013231
303321 (base 8) to base 16
186d1
What is -1787546 (base 10) in base 6?
-102151402
What is -120066 (base 11) in base 8?
-563705
Convert 2205623 (base 10) to base 11.
1277132
-242315 (base 8) to base 2
-10100010011001101
What is 281a88 (base 13) in base 14?
1b54c1
What is -19378 (base 11) in base 10?
-27068
What is 223252 (base 13) in base 16?
c4f30
-2c84c4 (base 14) to base 4
-11330233330
Convert 10010111011010110 (base 2) to base 7.
442011
Convert ce5d (base 16) to base 6.
1044325
Convert -17770516 (base 9) to base 11.
-5071931
What is -442462 (base 7) in base 4?
-102332332
What is -11302032103 (base 4) in base 6?
-52300311
a06347a (base 11) to base 3
1020111202000022
-21001212022 (base 3) to base 6
-2552055
Convert 33772 (base 12) to base 6.
1245022
What is -444112 (base 5) in base 8?
-36254
43114124 (base 5) to base 2
1011000110010010000
What is -144716 (base 8) in base 14?
-14b82
Convert 16124 (base 16) to base 2.
10110000100100100
Convert 774a (base 14) to base 13.
9522
What is -110010100011111111110100 (base 2) in base 9?
-26841852
What is -200452241 (base 6) in base 11?
-1a10526
-866223 (base 10) to base 15
-1219d3
73437 (base 9) to base 6
1012224
22e74 (base 15) to base 5
12030014
What is -1155652 (base 7) in base 8?
-442033
Convert 812071 (base 11) to base 4.
10332302331
What is 78da62 (base 14) in base 15?
562ac9
What is -165502 (base 11) in base 12?
-1042a7
What is 2300003301 (base 4) in base 5?
141034022
What is 29a7b9 (base 12) in base 10?
702717
Convert -2849a8 (base 11) to base 16.
-6cd41
-11022121102211 (base 3) to base 16
-2305ab
What is -234312 (base 11) in base 7?
-3105514
2a759c (base 13) to base 14
1d2949
Convert 101110111011000111101 (base 2) to base 6.
52542301
Convert ea0c (base 16) to base 9.
101163
What is -1420641 (base 8) in base 2?
-1100010000110100001
Convert -1022304204 (base 5) to base 11.
-123981a
Convert 307b17 (base 14) to base 16.
18f229
2f1dd (base 16) to base 5
22133424
-113384 (base 10) to base 5
-12112014
What is 210001002020 (base 3) in base 2?
1100101000110110100
What is 2336454 (base 7) in base 6?
10154423
301b0 (base 16) to base 4
300012300
7694959 (base 10) to base 4
131112221233
What is -112012303 (base 4) in base 14?
-24dd9
-36351553 (base 7) to base 5
-1312131300
What is -110133232012 (base 4) in base 3?
-101002222002211
Convert -315916 (base 12) to base 10.
-777186
What is -1011000111100110011000 (base 2) in base 11?
-1710959
What is 37737 (base 9) in base 13?
b72b
104c2c (base 14) to base 13
163b65
Convert 415333 (base 7) to base 12.
35477
-3247560 (base 9) to base 6
-101215043
What is 12043414 (base 5) in base 13?
3c1b0
What is -11101100001011000001 (base 2) in base 5?
-221423421
What is -3db13a (base 15) in base 16?
-2d5fd7
Convert 25133353 (base 7) to base 16.
227e4b
1388878 (base 9) to base 5
144031002
What is -30321520 (base 7) in base 3?
-11202100122101
-1001001011100110001110 (base 2) to base 11
-13a4299
What is -4322414241 (base 5) in base 15?
-c169b6
-1224972 (base 10) to base 5
-303144342
Convert 406204 (base 8) to base 5.
13244101
Convert -404bb (base 12) to base 7.
-465626
Convert -1343141014 (base 6) to base 5.
-13143430232
Convert -201a794 (base 12) to base 6.
-332501104
Convert 7a6378 (base 11) to base 13.
35b7cb
What is 33616260 (base 7) in base 16?
2cb179
Convert 1020102012122210 (base 3) to base 7.
303641103
Convert -11001111011100101100101 (base 2) to base 4.
-121323211211
Convert -11458b6 (base 14) to base 2.
-11111011010110110111000
4851509 (base 10) to base 8
22403465
Convert -230230 (base 6) to base 3.
-222210100
Convert -c1